.
255
Calculate the remainder when 104645 is divided by 776.
661
What is the remainder when 2701875 is divided by 2777?
2631
Calculate the remainder when 38908 is divided by 51.
46
What is the remainder when 2502557 is divided by 3391?
3390
What is the remainder when 162882 is divided by 12925?
7782
Calculate the remainder when 4375901 is divided by 336607.
10
What is the remainder when 12356 is divided by 2157?
1571
What is the remainder when 169950 is divided by 945?
795
What is the remainder when 10097336 is divided by 5048645?
46
What is the remainder when 57422693 is divided by 4257?
20
Calculate the remainder when 54151 is divided by 5004.
4111
What is the remainder when 13403933 is divided by 364?
361
What is the remainder when 30068 is divided by 4973?
230
What is the remainder when 7588458 is divided by 56630?
38
What is the remainder when 2502316 is divided by 439?
16
Calculate the remainder when 112267261 is divided by 64.
61
Calculate the remainder when 338943 is divided by 28228.
207
What is the remainder when 3239996 is divided by 231428?
4
Calculate the remainder when 49281 is divided by 3511.
127
Calculate the remainder when 154370 is divided by 5013.
3980
What is the remainder when 6038043 is divided by 447?
414
Calculate the remainder when 21043 is divided by 19088.
1955
What is the remainder when 9577873 is divided by 1411?
5
Calculate the remainder when 149434449 is divided by 6.
3
Calculate the remainder when 178071 is divided by 269.
262
What is the remainder when 1758 is divided by 1306?
452
What is the remainder when 420657 is divided by 373?
286
What is the remainder when 531080 is divided by 18311?
61
Calculate the remainder when 402955589 is divided by 578.
577
What is the remainder when 9768236 is divided by 6923?
6806
What is the remainder when 105059 is divided by 7475?
409
Calculate the remainder when 364190 is divided by 4611.
4532
Calculate the remainder when 22635482 is divided by 23.
9
What is the remainder when 8504318 is divided by 3507?
3350
What is the remainder when 175289531 is divided by 102?
83
Calculate the remainder when 4919452 is divided by 1378.
1370
Calculate the remainder when 2861302 is divided by 94.
36
Calculate the remainder when 8016365 is divided by 490.
455
What is the remainder when 5640885 is divided by 117?
81
Calculate the remainder when 27519 is divided by 1250.
19
Calculate the remainder when 50769 is divided by 10145.
44
What is the remainder when 1496999119 is divided by 107?
104
Calculate the remainder when 20275190 is divided by 172.
2
What is the remainder when 1143171 is divided by 4142?
4121
Calculate the remainder when 18324831 is divided by 18324820.
11
What is the remainder when 56264 is divided by 18741?
41
What is the remainder when 1415264 is divided by 67?
23
What is the remainder when 131330 is divided by 1105?
940
Calculate the remainder when 413127 is divided by 24300.
27
Calculate the remainder when 662075 is divided by 442.
401
Calculate the remainder when 323800 is divided by 80926.
96
Calculate the remainder when 21652899 is divided by 1700.
1699
Calculate the remainder when 8588209 is divided by 43.
34
What is the remainder when 20622 is divided by 6496?
1134
What is the remainder when 2965743 is divided by 167?
157
Calculate the remainder when 165433 is divided by 1818.
1813
What is the remainder when 406886 is divided by 40675?
136
Calculate the remainder when 20858308 is divided by 43.
40
What is the remainder when 1263525 is divided by 97?
3
What is the remainder when 1597852 is divided by 67?
36
What is the remainder when 12504489 is divided by 374?
173
What is the remainder when 2804267 is divided by 27?
20
Calculate the remainder when 2416961 is divided by 47.
33
What is the remainder when 6127196 is divided by 14021?
19
What is the remainder when 429530 is divided by 569?
504
What is the remainder when 239053 is divided by 88?
45
What is the remainder when 10326307 is divided by 589?
548
What is the remainder when 155097684 is divided by 69426?
0
What is the remainder when 76156 is divided by 37995?
166
Calculate the remainder when 213774255 is divided by 23.
19
Calculate the remainder when 289969 is divided by 217.
57
Calculate the remainder when 5785858 is divided by 199500.
358
Calculate the remainder when 2780168 is divided by 1238.
858
Calculate the remainder when 316822 is divided by 105584.
70
What is the remainder when 54390 is divided by 19?
12
What is the remainder when 12177776 is divided by 508?
0
Calculate the remainder when 2625568 is divided by 240.
208
What is the remainder when 101849675 is divided by 12?
11
What is the remainder when 144420 is divided by 166?
0
What is the remainder when 239883 is divided by 727?
700
Calculate the remainder when 515504 is divided by 171759.
227
What is the remainder when 160005 is divided by 39927?
297
What is the remainder when 1469193 is divided by 5173?
61
What is the remainder when 2473053 is divided by 55?
33
Calculate the remainder when 65304766 is divided by 3.
1
What is the remainder when 2898899 is divided by 12?
11
Calculate the remainder when 909970 is divided by 226351.
4566
Calculate the remainder when 405598622 is divided by 37.
34
Calculate the remainder when 186432 is divided by 186426.
6
Calculate the remainder when 8517343 is divided by 73.
68
What is the remainder when 1065829 is divided by 295?
289
Calculate the remainder when 28257999 is divided by 89424.
15
Calculate the remainder when 14359 is divided by 388.
3
What is the remainder when 558 is divided by 54?
18
What is the remainder when 10632780 is divided by 2155?
10
What is the remainder when 409102 is divided by 16364?
2
Calculate the remainder when 9570990 is divided by 2378.
1918
What is the remainder when 21635660 is divided by 32831?
31
What is the remainder when 149516 is divided by 149443?
73
Calculate the remainder when 62995107 is divided by 358.
353
Calculate the remainder when 39504579 is divided by 158.
155
Calculate the remainder when 531486 is divided by 177123.
117
What is the remainder when 742767 is divided by 61467?
5163
What is the remainder when 3913127 is divided by 3234?
3221
Calculate the remainder when 23625185 is divided by 281.
110
Calculate the remainder when 7022572 is divided by 1111.
1052
What is the remainder when 59536832 is divided by 19845598?
38
Calculate the remainder when 3101097 is divided by 47705.
272
Calculate the remainder when 2978751 is divided by 13.
9
Calculate the remainder when 2120707 is divided by 1238.
13
Calculate the remainder when 337614 is divided by 112535.
9
Calculate the remainder when 1363997 is divided by 48713.
33
Calculate the remainder when 2321651 is divided by 384.
371
What is the remainder when 6787381 is divided by 15?
1
Calculate the remainder when 11263794 is divided by 452.
406
Calculate the remainder when 15823286 is divided by 26.
24
What is the remainder when 1863959 is divided by 73?
50
What is the remainder when 24259050 is divided by 39?
36
What is the remainder when 12191405 is divided by 233?
146
Calculate the remainder when 1929664 is divided by 3288.
2896
Calculate the remainder when 5228414 is divided by 3371.
3364
What is the remainder when 2308374 is divided by 6123?
3
Calculate the remainder when 43196760 is divided by 383.
105
Calculate the remainder when 53533 is divided by 1274.
25
Calculate the remainder when 772954 is divided by 772927.
27
Calculate the remainder when 22070959 is divided by 669.
649
What is the remainder when 14133947 is divided by 215?
62
What is the remainder when 10816443 is divided by 5119?
5115
What is the remainder when 1493938 is divided by 162?
136
What is the remainder when 742239 is divided by 10?
9
Calculate the remainder when 284797 is divided by 70.
37
Calculate the remainder when 3586 is divided by 1286.
1014
Calculate the remainder when 550525 is divided by 27.
22
What is the remainder when 947016 is divided by 37869?
291
Calculate the remainder when 35878 is divided by 11954.
16
What is the remainder when 491744 is divided by 28894?
546
Calculate the remainder when 7382676 is divided by 615222.
12
Calculate the remainder when 18517 is divided by 2627.
128
Calculate the remainder when 47445485 is divi